j = -13 - -14. What is r(j)?
6
Let v(a) = a**2 - 6*a**2 - 3 - 4*a + 6*a**2. Calculate v(4).
-3
Let x = 11 - 8. Let p(c) = -4*c + 4 - 7 + 4*c**3 - 3*c**2 - x*c**3. Let j(n) = -n**3 - 2*n**2 + 3*n + 4. Let q be j(-3). What is p(q)?
-3
Let n(r) = -r - 4. Let q be n(-3). Suppose 2*c + k - 315 = -c, -3 = -k. Let u(v) = -c + 104 - 6*v. Determine u(q).
6
Let w(h) be the third derivative of h**6/120 - h**5/60 + h**3/6 - 38*h**2. Give w(-1).
-1
Let s(w) be the third derivative of w**6/180 + w**5/120 + w**4/24 + w**3/3 - 4*w**2. Let d(p) be the first derivative of s(p). Give d(2).
11
Let x(b) be the first derivative of -b**4/4 + 2*b**3/3 - b**2/2 + b - 3. Let i be x(2). Let r(d) = d**2 + d + 1. Calculate r(i).
1
Let w(k) = -35 + 12 - 2*k + 23. What is w(-1)?
2
Let s(n) = n**2 - 6*n + 5. Suppose 5*o - 18 = 3*j + 25, -2*j = 2. Give s(o).
21
Suppose -4*p + 50 = -5*n + 13, -5*p - n + 10 = 0. Let i(y) = 2*y - 3. What is i(p)?
3
Let f = -7 + 5. Let u be f - (-4 - (1 + -3)). Let p = u + -1. Let t(x) = 5*x**2 - x - 1. Determine t(p).
5
Let w(i) = -2*i**2 + 2 + i**2 + 86*i + 1 - 83*i. Calculate w(4).
-1
Let p(l) = -4*l**3 - 2*l**2 + l - 5. Let o(k) = k**3 + 1. Let t(i) = 3*o(i) + p(i). Give t(-3).
4
Let a(d) = 3*d**2 - 2 - 10*d**2 - 6*d + 6*d**2. Let b = 1 - 4. Calculate a(b).
7
Suppose p + 18 - 5 = -3*z, 2*z + 14 = -2*p. Let u(h) = -h - 7. Calculate u(z).
-4
Let h(a) = a**3 + a**2 + a - 11. Suppose -2*d + 3*d = 0. What is h(d)?
-11
Let u(q) = 4*q + 2. Let r(g) = -g**2 - 1. Let h be r(1). Determine u(h).
-6
Let k(r) = -11*r**3 + 9*r - 14. Let x(t) = -5*t**3 + 4*t - 7. Let v(j) = 4*k(j) - 9*x(j). Give v(0).
7
Let r be 1/(3 + 33/(-12)). Let y(b) = b + 2*b - 6 + 1 - r*b. What is y(7)?
-12
Let c(d) = -10 + 2*d + 2*d - 2*d - 3*d. Determine c(-6).
-4
Let a(i) = i**2 - 3*i + 1. Let m(x) = -6*x**2 + 16*x - 6. Let n = -18 + 32. Let t = n - 3. Let w(b) = t*a(b) + 2*m(b). Calculate w(-3).
-7
Let u(o) = o**3 + o**2 - o + 2. Let t be u(0). Let d(z) = z**3 - z. Give d(t).
6
Suppose -b = -o - 7, 4*b + 0*b - 16 = o. Let t(g) = 0*g**b + 2*g**2 + 2 - 3*g**3 + 4*g**3 - g. Let w = 59 - 61. Give t(w).
4
Let d be -1*(0 + (-1 - -4)). Let h(m) be the first derivative of 1/4*m**4 - 2*m**2 + 2 - 4*m + m**3. Give h(d).
8
Let k be -5*-2*1/(-2). Let p be (-52)/(-6) - 2/(-6). Let v(d) = d - p - d - d. Calculate v(k).
-4
Let u be (0 - -2)/(3 + -5). Let a(b) = 5*b**3 + b. Determine a(u).
-6
Let n = 6 + -4. Let g(y) = 2*y**2 + n - y - y**2 - 2*y**2. What is g(0)?
2
Let l(b) be the third derivative of -b**6/120 + b**5/60 - b**4/24 - b**3/3 - 44*b**2. Give l(0).
-2
Let n(u) be the third derivative of u**6/120 - u**5/10 - u**4/8 + 2*u**3/3 + 2*u**2. What is n(6)?
-14
Let b(m) = 2*m + 6. Suppose 2*v = 19 - 5. Suppose -v = -i + 9. Suppose -2*w - 2*w - i = 0. Calculate b(w).
-2
Let s(r) = -3*r**2 + r - 1. Let x(w) = -w**2 + 3*w + 1. Let p be x(3). Give s(p).
-3
Let q(m) = -m**3 - 5*m**2 + 5*m - 7. Suppose -57 + 9 = 8*h. What is q(h)?
-1
Let y(c) = c**3 - 6*c**2 + c - 1. Suppose -18 = -u - 2*u. Determine y(u).
5
Suppose 2*y - 4*s - 8 = 0, -5*s = -s. Let f(g) = 0*g - 4*g + 6*g + y. Determine f(4).
12
Let g be (4/(-24)*-2)/((-1)/(-18)). Let a(c) = 4*c - 7 - c**2 + 3*c + 0*c. Give a(g).
-1
Let r(y) = -4 + 4 - y**2 + 3. Let c be 2/(-3*(-1)/3). Suppose -c*s - 10 = 0, -3*s = 3*b - 0*s + 15. Calculate r(b).
3
Let n be 1/5 + 748/10. Let q be (-90)/n*10/(-3). Let d(p) = -p**3 + 3*p**2 + 6*p - 1. Determine d(q).
7
Suppose -v - 4*x = 3*v - 20, 5*x = -4*v + 15. Let s = 8 - v. Let y(z) = 4*z + 3. Give y(s).
-5
Let y(r) = -56 - 3*r + 15*r**2 + 56 + 2*r. Calculate y(1).
14
Let l(o) = o**2 + o - 11. Suppose z + 5*j - 30 = -6, 2*z = 4*j - 8. Suppose -z*g + 5 = 7*a - 2*a, -3 = -2*g - 3*a. Calculate l(g).
-11
Let u(a) = -2*a - 1. Let n(c) = 2*c**2 + 2*c + 1. Let x be n(-4). Suppose -15 = 5*w - k + 4*k, -5*k = w + x. Suppose 5*q + 1 + 4 = w. Determine u(q).
1
Let b(u) = -2*u - 12. Let w be b(-5). Let j be (2/w - -3) + -1. Let p(c) = 5*c + 5*c**2 - 1 - 13*c**2 - 4*c. What is p(j)?
-8
Let l(q) = -37*q - q**2 - 3 + 6*q**2 - 1. Let y(k) = -k**2 + 9*k + 1. Let v(u) = -3*u + 28. Let j be v(10). Let p(h) = j*l(h) - 9*y(h). What is p(-6)?
5
Let a(s) = 2*s - 6. Let x(m) = -4*m + 11. Let k(c) = 11*a(c) + 6*x(c). Determine k(6).
-12
Let y(h) = -6 - 26*h + 4 + 2*h**2 + 28*h. Determine y(-2).
2
Let g(x) = 3*x**2 + 3*x - 6. Let u(w) = -8*w - 1 + 3*w**2 + 10*w - 1 - 3. Let b(r) = 4*g(r) - 5*u(r). Determine b(2).
-7
Let z = 1 + 1. Suppose 7 = z*w + 1. Suppose w*k - h + 12 = -2*h, 0 = 2*h - 6. Let t(d) = -d**3 - 6*d**2 - 5*d - 4. What is t(k)?
-4
Let b(g) = 2*g**2 + 0*g**2 + 2*g - 1 + 0*g. Let p(q) = q**2 + 6*q + 10. Let y be p(-4). Determine b(y).
11
Let x(y) = y + 1. Let m be 366/(-42) + (-4)/14. Let i = -5 - m. Determine x(i).
5
Let z(q) = -q**2 + 8*q - 4. Let v be (-16)/(-72) + (-61)/(-9). What is z(v)?
3
Let l be (-30)/4*16/(-24). Let g(k) = -k**3 + 5*k**2 + 8*k - 12. Let h(f) = -f**3 + 5*f**2 + 9*f - 13. Let r(q) = -7*g(q) + 6*h(q). What is r(l)?
-4
Let w(o) = -2*o**3 - 2*o**2 + 5*o + 6. Let q be w(-2). Let v(u) be the third derivative of -1/4*u**4 + 1/60*u**5 - u**2 + 0 + 0*u + 1/2*u**3. What is v(q)?
-5
Let h = 3 + -1. Suppose 5*t - 4*y - 15 + h = 0, -5*t + 5*y + 15 = 0. Let a = 1 - t. Let j(u) = u**2 + u - 5. Give j(a).
-5
Let y(k) = 4*k**3 - 4*k**2 + k - 8. Let f(m) = -5*m**3 + 5*m**2 - m + 8. Let b(l) = -3*f(l) - 4*y(l). What is b(0)?
8
Let j(l) be the second derivative of l - 1/6*l**3 + 0 - 2*l**2. Suppose 4*m - 2*m = 2*w + 6, 0 = 3*m - 9. Give j(w).
-4
Let f be 2/(-3) + 4/6. Let o(c) be the third derivative of c**4/24 - c**3/6 + 11*c**2. Give o(f).
-1
Let h = -7 + 5. Let q be 0/(1 + h - 0). Let l(x) = -x**2 - x - 7. Determine l(q).
-7
Let z = -81 + 81. Let k(a) = a**2 - 20. What is k(z)?
-20
Let g be ((-8)/(-14))/((-4)/(-14)). Let w = 4 + g. Let r(d) = d**2 - 5*d - 6. What is r(w)?
0
Let a = -2 + 2. Let l(q) = -q + 12. Let d(h) = 2*h - 25. Suppose -8*z + 36 = -4*z. Let w(c) = z*l(c) + 4*d(c). What is w(a)?
8
Let w(f) = -f**2 + 3*f - 4. Let a(r) = 2*r**2 - 7*r + 8. Let d(m) = 4*a(m) + 7*w(m). Let n be ((-1)/(-3))/((-3)/(-45)). What is d(n)?
-6
Suppose 4*u + 4 - 29 = 3*j, 0 = 3*j - 15. Suppose u*y + 25 = 5*y. Let k(d) = d**3 + 7*d**2 + 2*d - 3 - 2*d**2 + 5. Determine k(y).
-8
Let g(z) = -z**3 + 5*z**2 + 4*z + 6. Let p be ((-6)/1)/(6/(-4)). Suppose -p + 16 = 2*y. Determine g(y).
-6
Let c(x) = -7*x - 7 - 6*x**2 + 6*x + 8*x + x**3. Let h(f) = -f. Let b be h(-5). Give c(b).
3
Let f(b) be the first derivative of -b**6/360 + b**5/60 + 2*b**3/3 + 1. Let p(r) be the third derivative of f(r). Calculate p(5).
-15
Let v(c) = -c**2 + 3*c + 5. Let t(g) = 3*g**2 - 9 + 3*g**2 + 0*g**2 + 13*g - 5*g**2. Let m be t(-14). Determine v(m).
-5
Let h(t) = -t**3 - 4 - t - 4*t**2 - 6*t + 0*t**3 + 11*t**2. Determine h(6).
-10
Let j(f) be the second derivative of -5*f**3/3 - 66*f. Determine j(1).
-10
Let v(z) = z**3 + 5*z**2 - 6*z + 7. Suppose -8 = 4*x, -x - 24 = -5*c - 4*x. Let s = c - 12. What is v(s)?
7
Suppose 3*a + 1 = 10. Let u(n) = 4*n**2 - a*n**2 + 3*n - 4*n. Give u(3).
6
Let d(n) = 8*n**2 + 3*n - 6. Let q(j) = -7*j**2 - 2*j + 5. Let c = 11 - 17. Let h(y) = c*q(y) - 5*d(y). Calculate h(3).
9
Let v = 0 - 3. Let m(l) = -6*l - 4*l**2 + l - 3 + 2*l**2 + l. What is m(v)?
-9
Suppose -u - 4 = -0*u - g, -2 = g. Let p(y) be the third derivative of y**5/60 + 7*y**4/24 + 4*y**3/3 - 27*y**2. What is p(u)?
2
Let z(j) = -2*j - 1. Let f(m) = m + 2. Let k(r) = 3*f(r) + z(r). Determine k(5).
10
Let r(d) = -d**2 + 3*d - 6. Let b(c) = -3*c - 20. Let h be b(-8). Determine r(h).
-10
Let r(j) = -4*j**2 + 4*j**2 + 9*j - 4 + j**2. What is r(-8)?
-12
Let m(i) = 5 + 5*i**2 - 1 + 6*i + i**3 - i. Suppose 0 = -n + 4*t - 35 + 12, 0 = -5*n + 3*t - 30. Determine m(n).
7
Let j(a) be the second derivative of 0 - 1/8*a**4 - 3*a + 0*a**3 + 2*a**2. Let x(y) be the first derivative of j(y). What is x(1)?
-3
Let j(a) be the first derivative of a**2/2 - a + 4. Suppose 3 - 2 = -h. Calculate j(h).
-2
Let k(t) = -7 + 18*t - 19*t - 5. Calculate k(-9).
-3
Let r = -1 - -2. Let d(w) = -2 + 3 + w**2 - 2*w + 0*w**2 + 10*w**2. What is d(r)?
10
Let u(f) = -4*f**2 + 3*f**2 + 5 - 3*f + 2*f**2 - 2*f**2. Determine u(-5).
-5
Let l(q) = 3*q - 1. Let i(m) = m + 2. Let x be i(-1). Let r be (3 - 4)/